 5*g + 192 = -r + 5*r. Let u = g - -54. What is the remainder when 25 is divided by u?
11
Suppose 96*b - 97*b = -2413. Calculate the remainder when b is divided by 23.
21
Let q be 2/6 - (-12)/(-36). Suppose 2*k - 54 - 76 = q. Suppose -3*u + k = 5*g, 5*g = -4*u + 28 + 42. What is the remainder when 16 is divided by g?
6
Let i(q) = 17 + 2*q - 2*q**2 - 5*q**2 + 6*q**2. Let l = -64 - -95. Calculate the remainder when l is divided by i(0).
14
Let d = 45 + -29. Let h = d + -16. Calculate the remainder when (-1 - -4)/(h - -1) is divided by 3.
0
Let v(c) = -c**3 - 15*c**2 + 18*c + 32. Let f be v(-16). Suppose i + 7*i - 192 = f. What is the remainder when 95 is divided by i?
23
Suppose -8*z + 9*z = -2. Let o be -2 + (z - -8) + -3. What is the remainder when (-118)/(o/(3/(-6))) is divided by 16?
11
Let q(x) = x**3 + 7*x**2 + 3*x - 8. Let h be q(-6). Let o be (1 + 1 + -3)*(-21 - 2). Let p = o - h. What is the remainder when 50 is divided by p?
11
Let g(u) = 14*u**3 - 6*u**2 + 4*u + 5. Calculate the remainder when g(2) is divided by 3.
2
Suppose -74 = 4*a - 234. Suppose -40*w + 36*w = -a. Calculate the remainder when 26 is divided by w.
6
Suppose 25*t - 14760 = -35*t. Calculate the remainder when t is divided by 19.
18
Let h be 1 - (5 - (3 + 1)). Suppose -r + 12 = -2*b, h = -5*b + 4*b. What is the remainder when 34 is divided by r?
10
Suppose -3*f - 2*u + 24 = 0, f - 21 = 5*u + 4. What is the remainder when f is divided by 4?
2
Let j(q) = 19*q - 31. Let r(h) = 2*h + 3. What is the remainder when j(3) is divided by r(3)?
8
Suppose -4*z + 0*z + 10 = -2*l, 19 = 5*z + 4*l. Suppose 140 = z*n + n. What is the remainder when 137 is divided by n?
32
Let s(l) be the second derivative of l**5/20 + 5*l**4/12 - l**2/2 + 2*l. Let f(h) = -11*h + 542. What is the remainder when f(44) is divided by s(-4)?
13
What is the remainder when 164 is divided by (-206)/(-14) - (-2)/77*11?
14
Suppose 79 = -5*p - 5*c + 3*c, 5*p = -5*c - 85. Calculate the remainder when 10 is divided by (12/p)/(2/(-10)).
2
What is the remainder when ((-5500)/9)/(-5) - (-8)/(-36) is divided by 44?
34
Let a(m) be the second derivative of m**3/3 - 5*m**2/2 - m. Let n be a(0). Let p = n - -35. Calculate the remainder when p is divided by 11.
8
Let l(h) = -27*h + 1. Let t be l(2). Let c = t + 70. Suppose -2*a + a = -10. What is the remainder when c is divided by a?
7
Let r = 73 + -5. Let g = -50 + r. What is the remainder when 33 is divided by g?
15
Suppose -879*p = -872*p - 427. Calculate the remainder when p is divided by 19.
4
Let u be (36/16)/((-6)/16). Suppose 22*z = 21*z, 2*z - 70 = -2*s. What is the remainder when s is divided by 6/9 - 104/u?
17
Let r = -23 - -64. Suppose 3*z + 23 = -1. What is the remainder when r is divided by (-114)/z - (-2)/(-8)?
13
Let b(h) = -h**3 + 6*h**2 + 22*h - 26. What is the remainder when 314 is divided by b(7)?
77
Suppose 85 = 2*g - 5*j - 22, 89 = 2*g + j. What is the remainder when 412 is divided by g?
44
Let y = 1910 + -1852. What is the remainder when 168 is divided by y?
52
Suppose -v - 31 = -4*c, 0 = -3*c + 6*v - 3*v + 21. Let p(k) = 18*k - 5. Calculate the remainder when p(2) is divided by c.
7
Suppose -6*m + m + 2*b = -32, 4*m + 5*b = 52. Suppose 6 = -0*t + 2*t. Suppose -3*r = 3*l - 12, 6*l = t*l + r + m. What is the remainder when 8 is divided by l?
2
Let r be (-9)/(-15) + (-46)/10. Let q = r + 13. What is the remainder when 32 is divided by q?
5
Let q(a) = -a**3 + 7*a**2 + 56. Calculate the remainder when q(6) is divided by 39.
14
Suppose -2*t - 20 = -l, 0 = l - 6*l + 5*t + 105. What is the remainder when 85 is divided by l?
19
Suppose 0*w = -5*w + 15. Suppose -2*i - o + 10 = 0, -2 = 2*i + w*o - 12. Suppose i - 75 = -5*h. What is the remainder when 27 is divided by h?
13
Let o(q) = q**2. Let f(m) = 7*m + 45. Calculate the remainder when o(-3) is divided by f(-6).
0
Let s(w) = w**2 - 9*w - 8. Let b be s(10). Suppose p + b*p + 4*a - 179 = 0, -116 = -2*p - a. What is the remainder when p is divided by 20?
17
Let n(g) = 2*g + 33. Calculate the remainder when ((-6)/(-10) + -1)*-50 is divided by n(-11).
9
Let k = -8 - -23. What is the remainder when k is divided by (-12)/(-84) + 54/14?
3
Suppose 3*f + 2*c = 6, 2*f + 8 = 2*c + 2. Let l be 2 + -2 - (f + 190). What is the remainder when 17 is divided by (-2)/(-8) - l/40?
2
What is the remainder when (232/(-203))/((-2)/322) is divided by 49?
37
Calculate the remainder when ((-3960)/42)/((-3)/21) is divided by 17.
14
Let t = 1036 + -1007. Calculate the remainder when 259 is divided by t.
27
Let a = -1 - -11. Let v be 14/49 + 514/14. Suppose v = 2*l - o, -o + 78 = 4*l + o. Calculate the remainder when l is divided by a.
9
Suppose 0 = 5*g + 3*z - 189, 4*g - 2*z = 5*g - 42. What is the remainder when 287 is divided by g?
35
Let s(a) = a**2 + 5*a - 18. Let t be s(-8). Suppose t = 6*u - 48. Let q = 4 + 13. What is the remainder when q is divided by u?
8
Let g(w) = 97*w**3 + w**2 + w - 1. Let r = 16456 - 16439. What is the remainder when g(1) is divided by r?
13
Let n(i) be the third derivative of i**5/15 - i**4/8 - 3*i**3/2 - 6*i**2. Calculate the remainder when n(5) is divided by 26.
24
Suppose -745 = -2*m + 285. Suppose 79 = 9*b - m. What is the remainder when b is divided by 17?
15
Let q = -847 + 909. What is the remainder when 288 is divided by q?
40
Let z(i) = 2*i**2 + 4*i + 3. Let g be z(-2). Suppose -g*s + 220 = 2*s. Calculate the remainder when s is divided by (-4635)/(-1030)*(-16)/(-6).
8
Let t(y) = -y**2 + 20*y - 73. What is the remainder when 240 is divided by t(6)?
9
Let s = -178 + 239. Calculate the remainder when s is divided by 22.
17
Let p = 192 + 2. Calculate the remainder when p is divided by 66.
62
Let l be 4/(-5)*10/(-4). Suppose 5*s + 2 + 0 = -2*g, l*g = 3*s + 30. What is the remainder when 33 is divided by g?
6
Suppose -4*v = -l - 2*v + 21, 4*l = -3*v + 106. Calculate the remainder when l is divided by (-68)/(-1122) - (-361)/33.
3
Let x(u) = 2*u**2 + 3*u + 7. What is the remainder when x(5) is divided by 61?
11
Let n = -15 + 128. Let t = 3642 + -3603. What is the remainder when n is divided by t?
35
Let o(h) = h**2 - 1. Let b(w) = -6*w**2 + 4*w + 38. Let v(j) = b(j) + 5*o(j). Calculate the remainder when v(0) is divided by 18.
15
Suppose -u + 52 = 5*f - 21, -257 = -5*u + 2*f. Let y = u + -12. What is the remainder when y is divided by 24?
17
Suppose 5*w = 4*z + 1310, -67*z + 278 = w - 71*z. Calculate the remainder when w is divided by 49.
13
Let l = 143 + -112. Calculate the remainder when 493 is divided by l.
28
Let y(t) = 363*t + 1840. Suppose -4*g + 13 = -3*g. Calculate the remainder when y(-5) is divided by g.
12
Suppose 11*c - 557 = -62. What is the remainder when 226 is divided by c?
1
Let u = 349 - 317. Calculate the remainder when 111 is divided by u.
15
Let l(m) = 4*m - 3*m - m**2 + 2*m**2 + m**2. Let v be l(-1). Calculate the remainder when 24 is divided by (-8)/3*-3 + v.
6
Let g = -13280 + 13287. What is the remainder when 2 + -38*(-2 + 1) is divided by g?
5
Let k be 17/((-4)/8 - -1). Suppose -5*h + 9 + 51 = 5*m, 0 = 2*h - 3*m - k. What is the remainder when 50 is divided by h?
8
Let n(v) = 55*v - 4. Let l(w) = -w**3 - 2*w**2 + 4*w + 4. Let p be l(-3). What is the remainder when n(p) is divided by 8?
3
Calculate the remainder when ((-9)/(-4))/(63/252) is divided by 9.
0
Let z(s) = -s - 14. Let y be z(-7). Let h(x) = x**3 + 6*x**2 - 9*x + 1. Let p = 26 - 22. What is the remainder when h(y) is divided by p?
3
Let t(b) be the third derivative of 49*b**5/60 - b**4/8 + b**3/3 + 16*b**2. Calculate the remainder when t(1) is divided by 19.
10
Let o be 1 + 1 + 1 + 1. Suppose 2*v = 3*u - 102, -4*v - 88 = -4*u + 44. Suppose -l = -4, 5*a - u = 5*l + o. What is the remainder when 46 is divided by a?
10
Let v = 63 + -81. Let y be 178/(-4*2/(-12)). What is the remainder when 3*-2*y/v is divided by 23?
20
Let m(w) = -w**2 + 12*w - 23. Let f be m(10). What is the remainder when 0 + 0 - (-114 + -1) is divided by (-26)/(f + 2) - -3?
28
Suppose 11 - 1 = 2*c. Suppose -h + 5*v - v + 10 = 0, -3*h + 5*v = c. Let p = h + 39. What is the remainder when p is divided by 16?
13
Let f(b) = -3*b + 12. Let o be f(9). Let t = 22 + o. What is the remainder when 41 is divided by t?
6
Let a = -823 - -1675. Calculate the r